).
-374
Let f(z) = -6*z**3 - 8*z**2 - z - 12. What is f(-3)?
81
Let z(r) = -23*r + 87. Calculate z(23).
-442
Let m(y) = 18*y**2 + 14*y - 5. What is m(-1)?
-1
Let h(g) = 46*g**2 - 367*g + 315. Give h(7).
0
Let q(u) = -u**3 - 15*u**2 - 23*u - 135. Determine q(-14).
-9
Let l(m) = 2*m**2 + 98*m + 496. What is l(-5)?
56
Let c(o) = -o**2 - 16*o - 6. Calculate c(-9).
57
Let b(p) = -p**3 - 54*p**2 + 362*p + 129. Give b(-60).
9
Let m(y) = -3423*y - 75298. What is m(-22)?
8
Let z(g) = 3483*g - 20970. Give z(6).
-72
Let k(s) = -3*s**3 + 50*s**2 - 23*s + 5. Determine k(16).
149
Let t(g) = -4*g**3 + 9*g**2 - 7*g + 34. Give t(4).
-106
Let y(n) = -n**2 + 778*n + 7871. Give y(-10).
-9
Let t(l) = -l**3 - 28*l**2 - 172*l + 164. What is t(-11)?
-1
Let u(t) = t**3 + 8*t**2 - 618*t - 4391. Give u(-7).
-16
Let i(v) = 705*v - 9849. Give i(14).
21
Let d(v) = 2973*v + 2900. What is d(-1)?
-73
Let a(f) = -5*f**3 - 4*f**2 - 13*f + 41. Give a(-4).
349
Let w(n) = -2*n + 93. Calculate w(-22).
137
Let v(d) = 5*d**2 - 15*d + 47. Calculate v(4).
67
Let w(t) = 2*t**2 - 48*t + 302. Determine w(7).
64
Let a(w) = -w**2 + 104*w + 1140. What is a(-10)?
0
Let b(j) = -450*j + 1808. What is b(4)?
8
Let n(i) = -4*i**3 - 139*i**2 + 48*i + 432. Calculate n(-35).
-23
Let x(n) = -1465*n**2 + 2937*n + 1. What is x(2)?
15
Let n(s) = -2*s**3 - 212*s**2 + 259*s + 4850. What is n(-107)?
35
Let o(a) = 15*a**2 - 207*a + 318. What is o(12)?
-6
Let t(f) = -10*f + 224. Determine t(35).
-126
Let p(y) = -y**3 + 11*y**2 - 29*y + 135. What is p(10)?
-55
Let d(i) = 44*i**2 - 1143*i + 23. Calculate d(26).
49
Let g(p) = 23*p + 2207. Determine g(-101).
-116
Let t(f) = 38*f + 123. Determine t(8).
427
Let j(u) = -u**2 - 85*u - 1660. What is j(-29)?
-36
Let r(s) = 647*s + 97. Calculate r(-1).
-550
Let b(v) = 120*v**3 + v**2 + 1. Calculate b(1).
122
Let p(r) = 2*r**2 + 145*r - 74. Give p(-74).
148
Let j(d) = -2*d**2 + 156*d + 116. What is j(79)?
-42
Let q(x) = 213*x - 117. Give q(2).
309
Let x(m) = -m**2 + 4*m + 3733. What is x(63)?
16
Let h(s) = s**3 + 89*s**2 - 91*s - 90. What is h(-90)?
0
Let w(o) = -147*o + 566. Give w(5).
-169
Let v(s) = -s**2 - 75*s + 10363. Determine v(71).
-3
Let r(o) = -o**2 - 248*o + 1004. Give r(4).
-4
Let u(i) = -3*i**2 + 6*i - 5. Give u(-7).
-194
Let j(p) = -2*p**2 - 144*p - 2540. Give j(-47).
-190
Let t(z) = z**3 - 10*z**2 + 11*z - 51. Give t(5).
-121
Let n(m) = 11*m**2 + 18*m - 103. Calculate n(4).
145
Let a(m) = -m**3 + 8*m**2 - 79*m + 500. Give a(7).
-4
Let a(j) = -j**2 + 26*j + 1353. Give a(52).
1
Let z(g) = -112*g - 1103. What is z(-10)?
17
Let i(f) = -1895*f - 45480. What is i(-24)?
0
Let k(m) = 6*m**2 + 289*m - 241. Calculate k(-49).
4
Let o(r) = -135*r - 1809. Calculate o(-13).
-54
Let n(z) = -2*z**3 + 152*z**2 - 4*z + 308. Give n(76).
4
Let b(p) = p**2 - 94*p - 958. Calculate b(107).
433
Let d(v) = v**3 + 10*v**2 - 21*v + 58. Calculate d(-11).
168
Let w(g) = 2*g**2 + 15*g + 27. Calculate w(-6).
9
Let k(s) = -156*s + 1769. What is k(13)?
-259
Let p(l) = -l**3 - l**2 + 41*l - 118. Calculate p(-8).
2
Let o(b) = -3*b**2 - 60*b - 75. Calculate o(-21).
-138
Let s(u) = 3*u**3 + 67*u**2 + 84*u + 6. What is s(-21)?
6
Let d(t) = -t**2 - 7*t + 732. Calculate d(-20).
472
Let z(k) = -261*k**2 - 11*k - 1. What is z(1)?
-273
Let g(r) = -166*r + 494. What is g(3)?
-4
Let a(b) = 5*b + 177. Determine a(-22).
67
Let y(v) = -v**2 + 23*v - 41. Determine y(16).
71
Let f(d) = 12*d - 177. Calculate f(16).
15
Let v(b) = 2*b + 50. Determine v(-4).
42
Let x(r) = -30*r**2 + 23*r + 12. Calculate x(-3).
-327
Let m(o) = 515*o + 523. What is m(-1)?
8
Let r(s) = s**3 + 7*s**2 + 19*s + 41. Determine r(-3).
20
Let y(m) = 2*m**3 - 15*m - 577. Give y(0).
-577
Let x(w) = -w**3 - 9*w + 42. What is x(4)?
-58
Let s(j) = 11*j**3 - j**2 + 13*j - 11. Calculate s(1).
12
Let d(o) = 22*o - 194. Determine d(13).
92
Let x(h) = -h**2 + 6*h + 176. Determine x(-10).
16
Let m(y) = 16*y**2 - 1407*y - 92. Calculate m(88).
-4
Let a(u) = u**3 + 22*u**2 - 107*u - 71. Give a(-26).
7
Let q(s) = -1725*s - 12077. Calculate q(-7).
-2
Let l(s) = 2*s**3 + 16*s**2 - s + 20. What is l(-8)?
28
Let x(y) = -y**3 - 50*y**2 - 339*y - 127. Calculate x(-42).
-1
Let s(u) = u**3 + 19*u**2 + 53*u - 7. What is s(-15)?
98
Let g(f) = f**3 + 73*f**2 + 247*f - 6324. Determine g(-68).
0
Let m(u) = 2*u**3 - 55*u**2 - 17*u - 125. Determine m(28).
183
Let y(a) = 1692*a - 6773. Calculate y(4).
-5
Let c(a) = a**2 + 194*a + 2857. Determine c(-16).
9
Let z(g) = g**2 + 15*g + 35. Calculate z(-9).
-19
Let o(h) = 208*h + 1697. Calculate o(-8).
33
Let f(r) = 224*r**2 - r + 2. Give f(1).
225
Let i(f) = 48*f - 1567. What is i(32)?
-31
Let s(n) = -5*n**2 + 128*n - 115. Calculate s(24).
77
Let p(b) = 43*b - 43. Give p(1).
0
Let h(z) = z**3 - 38*z**2 + 250*z + 38. Give h(29).
-281
Let j(g) = -3496*g - 185296. Give j(-53).
-8
Let f(q) = -4*q**2 + 175*q - 817. What is f(5)?
-42
Let y(j) = 160*j + 16013. Determine y(-100).
13
Let x(d) = 4*d**2 + 201*d + 493. What is x(-48)?
61
Let c(y) = -11*y + 56. Give c(21).
-175
Let a(p) = -29*p**2 + 83*p + 16. Give a(4).
-116
Let n(a) = -4*a**3 + 15*a**2 + 39*a + 7. What is n(-4)?
347
Let d(y) = 2*y**3 - 63*y**2 + 27*y + 55. Calculate d(31).
-69
Let p(m) = 2*m**3 - 15*m**2 + 36*m - 137. Give p(6).
-29
Let h(k) = -k**3 - 150*k**2 + 150*k - 300. What is h(-151)?
-149
Let b(v) = 4*v**3 + 236*v**2 + 8*v + 475. Give b(-59).
3
Let i(z) = 69*z + 2603. Calculate i(-38).
-19
Let h(x) = x**3 - 8*x**2 + 7*x - 49. Calculate h(7).
-49
Let v(f) = 195*f**3 - 2*f**2 - 6*f - 2. Give v(-1).
-193
Let z(n) = -n**3 + 8*n**2 - 11*n - 3. Determine z(6).
3
Let c(o) = -o**3 + 8*o**2 + 6*o + 3. What is c(5)?
108
Let b(i) = -1128*i - 25939. What is b(-23)?
5
Let s(b) = 4*b**2 + 232*b - 731. Determine s(3).
1
Let j(o) = -261*o + 16121. Calculate j(62).
-61
Let t(m) = -220*m + 3069. What is t(14)?
-11
Let l(j) = -j**2 + 117*j - 809. Give l(8).
63
Let d(s) = 6*s**3 + 684*s**2 - 18*s - 2036. Give d(-114).
16
Let a(n) = 2*n**3 - 11*n**2 - 38*n - 6. Calculate a(7).
-125
Let t(o) = 2*o**3 + 45*o**2 - 485. Determine t(-22).
-1
Let r(p) = 3*p**2 - 66*p + 304. Give r(7).
-11
Let v(k) = -10*k**3 - 49*k**2 - 3*k - 30. What is v(-5)?
10
Let l(r) = 479*r + 3388. What is l(-7)?
35
Let f(g) = -16*g + 106. Give f(10).
-54
Let r(a) = -24*a**2 + 5. Calculate r(5).
-595
Let r(i) = -i**2 - 374*i + 19784. Give r(47).
-3
Let p(t) = t**2 + 37*t + 177. Determine p(-7).
-33
Let y(a) = -4183*a + 92017. What is y(22)?
-9
Let o(q) = -q**2 - 912*q - 22176. Determine o(-25).
-1
Let o(k) = -k**3 - 16*k**2 - 3*k - 31. Calculate o(-16).
17
Let i(w) = -2*w**3 + 11*w**2 + 5*w - 14. Give i(6).
-20
Let d(x) = -x**2 - 42*x + 2143. Determine d(30).
-17
Let r(x) = x**3 - 24*x**2 + 17*x + 47. Give r(23).
-91
Let w(d) = d**2 - 15*d + 28. What is w(7)?
-28
Let d(g) = 5*g**3 + 63*g**2 + 41*g + 53. Determine d(-12).
-7
Let z(b) = b**3 + 6*b**2 + 179*b + 1091. Give z(-6).
17
Let h(p) = p**2 - 63*p - 563. Calculate h(0).
-563
Let t(c) = c**3 + 14*c**2 + 46*c + 39. Determine t(-5).
34
Let a(g) = 26*g**2 + 188*g + 35. What is a(-7)?
-7
Let q(m) = -m**3 - 15*m**2 - 12*m - 10. Calculate q(-14).
-38
Let x(s) = -14*s**2 + 115*s + 6. Determine x(8).
30
Let t(i) = i**2 + 17*i - 191. Determine t(11).
117
Let w(o) = 52*o - 1946. What is w(39)?
82
Let d(x) = x**3 + 2*x**2 - 791*x - 41. Calculate d(-29).
191
Let g(b) = 7*b**2 - 97*b - 1. Give g(12).
-157
Let k(z) = z**3 - 25*z**2 + 89*z - 4855. Give k(28).
-11
Let y(z) = 577*z**2 - 12116*z - 4. Determine y(21).
17
Let t(p) = p**2 - 44*p + 11. Calculate t(48).
203
Let l(i) = -42*i**2 - 5*i + 4. Give l(2).
-174
Let p(n) = -3*n**3 - 37*n**2 + 3*n - 8. Calculate p(-12).
-188
Let p(z) = z**3 + 19*z**2 + 8*z - 21. Give p(-18).
159
Let n(g) = 656*g - 11190. Determine n(17).
-38
Let z(f) = 2*f**2 + 3*f - 11. Calculate z(-4).
9
Let h(p) = p**3 + 143*p**2 + 281*p - 202. Give h(-141).
-61
Let b(r) = r**2 + 76*r + 342. Give b(-69).
-141
Let w(a) = 117*a**3 - 11*a**2 - 9*a + 2. Calculate w(-1).
-117
Let s(i) = i**3 + i**2 - i - 216. What is s(0)?
-216
Let u(l) = -3*l**2 + 87*l + 463. Give u(-5).
-47
Let g(x) = 32*x + 710. Give g(-22).
6
Let q(b) = 6*b**2 - 19*b - 55. Determine q(6).
47
Let y(d) = -3*d**2 + 4*d - 39. Determine y(6).
-123
Let n(b) = 3*b**2 - 45*b + 228. What is 